 = -8*m - 511. Suppose -m = -16*l + 2369. What is the greatest common factor of 36 and l?
36
Let v be 2 - (-476)/21*3. Suppose 0 = -0*z + 8*z - 112. What is the greatest common divisor of z and v?
14
Let p(g) = -g**2 + 5. Let x be (17 - 17)/(2 - (0 - -1)). Let l be p(x). Calculate the greatest common factor of 80 and l.
5
Suppose -34 - 16 = -10*v. Suppose -a = t - 28, 21 = -t + v*a + 61. What is the highest common divisor of 100 and t?
10
Let y be 34/(-238)*28*-1. Suppose -68 = -3*i + 2*s + 156, 4*i - 4*s = 296. Calculate the highest common factor of i and y.
4
Let w be (0 + 1)/(27/3 - (-414876)/(-46101)). What is the greatest common divisor of w and 381?
127
Let q = 1982 - 1310. Calculate the greatest common factor of q and 480.
96
Let y(d) be the first derivative of d**4/4 - d**3 - 9*d**2/2 + 11*d + 38. Let r be y(5). What is the highest common factor of r and 32?
16
Suppose 5*v - 115*b = -120*b + 985, 786 = 4*v + 2*b. Calculate the greatest common factor of 476 and v.
28
Let k(b) = -b**3 - b**2 + b + 4. Let s be k(-4). Suppose -269 = 3*j - 344. Let x be ((-15)/j)/(9/(-360)). Calculate the greatest common divisor of s and x.
24
Suppose -15645 = 16*h - 178461. What is the greatest common factor of h and 159?
159
Let b(a) = -a**3 + 2*a**2 - 70*a - 779. Let z be b(-14). What is the greatest common divisor of 47 and z?
47
Suppose 3*j + 570 = v, -2*v + 537 = 2*j - 651. What is the greatest common factor of 108 and v?
12
Suppose n = w, 5044*w - 5*n + 24 = 5042*w. What is the highest common factor of 780 and w?
4
Let k(j) = -4*j + 12. Let y = 58 - 66. Let i be k(y). Let o = 46 - i. Calculate the highest common divisor of 22 and o.
2
Let r = 14208 - 14175. What is the highest common factor of r and 9108?
33
Let z = 5725 - 4090. What is the greatest common divisor of z and 15?
15
Suppose 35*q = 23*q + 5268. Let o = q + -43. What is the greatest common factor of o and 36?
36
Let k = -33 + 45. Suppose -8*a = -132 + k. Suppose a - 111 = -c. Calculate the greatest common factor of 12 and c.
12
Suppose 2*o + 186 = -4*n - 82, -2*o = -2*n + 256. Let z = o + 200. Calculate the greatest common factor of z and 35.
35
Suppose 0 = 135*g + 31*g - 78352. Calculate the greatest common factor of 6 and g.
2
Let q(a) = -a**3 + 5*a**2 + 4*a + 21. Let k be q(7). Let j = k - -53. Let u(b) = -8*b - 2. Let g be u(-2). What is the highest common factor of g and j?
2
Let f = 5390 + -5002. What is the greatest common factor of f and 13386?
194
Suppose -32*z = -2*r - 33*z + 379, -3*z - 399 = -2*r. Calculate the highest common divisor of r and 3240.
24
Suppose 0*o = -g + 3*o + 18, -30 = -2*g + 3*o. Let i be (1136/g)/((-4)/(-6)). Let q be (2 + i)*4/4. What is the highest common factor of 16 and q?
16
Suppose 0 = -369*l + 110*l + 555555. Calculate the highest common factor of 825 and l.
165
Let h = -39 + 65. Suppose -47*a - 3*f - 40 = -48*a, -2*a = -2*f - 96. What is the highest common divisor of h and a?
26
Suppose -4*r = -11*r + 70. Suppose -5*u + 19 = -26. Suppose 0 = -u*x + r*x - 7. Calculate the greatest common divisor of x and 28.
7
Suppose 0 = -4516*g + 4499*g + 19890. What is the highest common divisor of g and 975?
195
Let v(t) = -2*t - 11. Let z be v(-13). Suppose 5*x - j = z, -4*x + 2*x + 6 = -5*j. Calculate the greatest common factor of 7 and x.
1
Let v be ((-168)/(-16) - 11) + 39/6. What is the highest common divisor of v and 201?
3
Let t be (-3 - -1) + 5 + -3 - -26. Suppose 2*w - 182 = 3*d, -w + t = -2*d - 65. Suppose z = 116 - w. What is the greatest common divisor of 25 and z?
25
Let g be -4 - -9 - 4/12*-21. What is the greatest common factor of g and 750?
6
Suppose 51*n - 15 = 48*n. Suppose j - n*j + 88 = 2*d, 0 = 3*j - 4*d - 88. What is the greatest common factor of 348 and j?
12
Suppose -5*o + 4*p + 103 = 0, 51 = 3*o - 0*o + 3*p. Let f(t) = -t**3 + 57*t**2 + 62*t + 91. Let j be f(58). Calculate the highest common divisor of j and o.
19
Suppose 3*d = 8*d - 260. Let h = d + -49. Suppose 5*b - 54 = -h*q + 16, 0 = 5*b + q - 60. What is the highest common factor of b and 121?
11
Let b(g) = 7*g**3 - 6*g**2 + 14*g + 17. Let m be b(3). Calculate the greatest common factor of m and 67124.
194
Suppose -26*t - 5*t - 15779 = 0. Let z = -436 - t. Calculate the greatest common factor of 657 and z.
73
Let l be -12*((-9)/(-12) + 22/(-40) + (-80655)/4275). Suppose 5*t = -78 + 1478. Calculate the greatest common divisor of l and t.
56
Suppose -h + 3*j = -98 + 26, 4*h - j = 321. Calculate the highest common factor of 1872 and h.
9
Let v(y) = -y**3 - y**2 + 35*y + 5. Let w be v(0). Calculate the highest common factor of w and 2645.
5
Let k = -7497 + 7524. Suppose -5*i = -20, 2*r - 4*i - 92 = -2*r. What is the highest common divisor of r and k?
27
Let k = 226 - 28. Suppose 22*c - k = 858. Calculate the greatest common divisor of c and 32.
16
Let p(d) be the second derivative of d**3/6 + 8*d**2 + 179*d. Let m be 1 + 9 + 4/(-2). Let z be p(m). Calculate the highest common factor of z and 18.
6
Let z be (-2454)/(-10) + (-2)/5. Let r = 20750 + -20575. Calculate the highest common divisor of z and r.
35
Let a(h) = 4*h**2 + 11*h - 8. Let s be a(-7). Suppose -77 = -118*z + s*z. What is the greatest common factor of z and 1408?
11
Suppose 0 = 15*y + 16 - 46. Suppose 0 = q + 21 + 12. Let k be q/(-1 - 4/y). Calculate the greatest common divisor of 11 and k.
11
Let n = 7033 - 7017. Calculate the greatest common factor of n and 180.
4
Let b(n) = -5*n - 83. Let v(m) = 9*m + 165. Let q(i) = 11*b(i) + 6*v(i). Let t be q(28). Calculate the greatest common divisor of t and 98.
49
Suppose -s = 21*p - 24*p - 222, -4*s = 4*p - 856. What is the highest common divisor of s and 132?
12
Let m = 1640 - 1594. Calculate the greatest common divisor of m and 2254.
46
Let t(p) = -12*p + 9. Let d(l) = -17*l - 21. Let c be d(-7). Let u = c - 100. Let k be t(u). Calculate the highest common factor of 55 and k.
11
Let d(k) = -2*k - 12. Let u be d(-7). Let p be 2075/75 + u/(-3). Calculate the highest common divisor of 36 and p.
9
Suppose -7*v = -b - 2*v - 5, -b + 4*v = 2. Let o = 8 + -4. Suppose -f + o*z = -3, -f - z + 21 = z. What is the greatest common divisor of b and f?
5
Let b(y) = -8*y - 8. Let t be b(-5). Suppose -4*d + r = 19 - 180, 8*r = 3*d - 128. What is the greatest common divisor of t and d?
8
Suppose 45*h = 52*h - 658. Suppose -a - 4*t = -14, -17*t - h = -5*a - 13*t. What is the greatest common divisor of a and 12?
6
Let r(k) = k + 7. Let b(i) = i**2 - 13*i + 23. Let o be b(10). Let f be 2/(-4)*(6 + (o - -3)). Let x be r(f). Calculate the greatest common divisor of 6 and x.
6
Let q be 292/2 - (3 + -1 - 6). Let d be (q/12 + -4)*210/5. What is the highest common factor of d and 21?
21
Let w be ((-10)/(-5) - 1)/1. Let o be (-804)/(-28) - 10 - 2/(-7). Calculate the highest common divisor of o and w.
1
Let v be 36/(-90) + (-804)/(-10). Suppose -v*p = -76*p - 36. Let g(n) = n**3 - 9*n**2 + n - 4. Let u be g(p). Calculate the highest common factor of u and 55.
5
Let w be (-9)/((-477)/156 + 3). Let j be -7*(93/21 - 10). Calculate the highest common divisor of w and j.
39
Let o(x) be the first derivative of x**4/4 + 4*x**3 + 10*x**2 + 4*x - 69. Let p be o(-8). What is the greatest common factor of p and 30?
10
Let a = 3238 - 861. Suppose 7*u - 3*y - a = 2*u, 0 = -5*u + y + 2379. Calculate the highest common factor of u and 28.
28
Let r = 672 + -256. Suppose 3*g + r = 2*j, 2*j + j + 5*g - 586 = 0. Suppose -4*d + j = 58. What is the highest common factor of d and 396?
36
Let o = 80 + 24. Let a = o - 94. Suppose 0 = 5*h - n - a, h - 4*n = 6*h - 10. Calculate the highest common factor of h and 6.
2
Let j = 3209 - 3167. What is the greatest common divisor of j and 7574?
14
Let z(w) = 9*w - 21. Let j be z(3). Let g be 224/28 + (j - 0). Let m = 9 - -75. Calculate the highest common factor of m and g.
14
Let c = -32 + 188. Let f be ((-80)/(-16) + (-22)/4)*-52. What is the greatest common divisor of f and c?
26
Let p be -12*(-10)/60*(3/2 + 1). What is the highest common factor of 115 and p?
5
Let n(d) = 45*d + 1306. Let b be n(-29). Calculate the greatest common factor of b and 283.
1
Let l(m) = 11*m**3 - m**2 - 2*m. Let t be l(2). Suppose 2880 = -36*n + 54*n. Calculate the greatest common factor of t and n.
80
Let